297 + 1102 = 0. Suppose u = 5*s + 244. What are the prime factors of s?
3, 53
What are the prime factors of (44 - -2)/(9/7272) - -7?
5, 1487
Let u(l) = 5*l**3 + 2*l**2 + 2*l - 1. Let m(g) = g**3 - 28*g**2 - 29*g + 3. Let r be m(29). List the prime factors of u(r).
2, 79
Let i = -762 + 765. Suppose 12*y - 7*y - 2930 = u, -i*u = -5*y + 2930. What are the prime factors of y?
2, 293
Suppose j - 176 = 1264. What are the prime factors of ((-72)/126)/((-4)/14) + j?
2, 7, 103
Let x(a) = -640*a - 341. List the prime factors of x(-9).
5419
Suppose -257 = 17*m - 18*m + 5*j, -3*m - 5*j + 811 = 0. Let y = m + 152. List the prime factors of y.
419
Let c(i) = -2*i**2 - 20*i - 15. Let o be c(-9). What are the prime factors of (-192)/(-160)*595/o?
2, 7, 17
List the prime factors of 3/(((-28)/(-24) + -1)*(-16)/(-11464)).
3, 1433
Let u(b) = -61*b - 53. Let n(v) = 30*v + 26. Let q(f) = 13*n(f) + 6*u(f). Let a be q(5). Let z = -100 + a. What are the prime factors of z?
2, 5
Let s be (3/(-9))/((-5)/60). Let i be 45*(13/(-3) + s). What are the prime factors of (-3)/i + (-554)/(-5)?
3, 37
Suppose 23 = 8*i + 7. Suppose 2*r = i*h + 48, 5*h + 96 = 4*r + 2*h. Suppose 0 = o + 3 - r. List the prime factors of o.
3, 7
Suppose t - 4261 = -5*u, 10*t - 5*u + 8*u = 42798. List the prime factors of t.
3, 1427
Let g(p) = p**3 - 19*p**2 - 35*p + 55. Let d be g(22). Suppose -3*h - 1197 = -2*f + 267, h = -f + d. List the prime factors of f.
3, 5, 7
Let o be 8*5/14 + (-4)/(-28). List the prime factors of (1638/o - -3) + -1 + -2.
2, 3, 7, 13
What are the prime factors of (84/(-9))/7 - (-6)/((-72)/(-203620))?
19, 47
Let t = -1380 + 4855. What are the prime factors of t?
5, 139
Let p = 3699 + 2064. What are the prime factors of p?
3, 17, 113
Suppose 4*y - 23 = 2*y + d, 3*y = -2*d + 31. Suppose -115 = y*o - 3063. What are the prime factors of o?
2, 67
Suppose 51198 = 5*f - 3*i, -4*i + 17049 = f + 6791. What are the prime factors of f?
2, 3, 569
Suppose 27*y = 22*y + k - 4700, -4*k = 3*y + 2843. Let f = 1008 + y. What are the prime factors of f?
67
Suppose -r = -5*i + 13415, -65*i + 62*i = -5*r - 8049. List the prime factors of i.
2683
Let g = 621 - 512. Suppose -26 - 145 = -3*i - 4*p, 2*i + p - g = 0. List the prime factors of i.
53
Let v(k) = k**2 + 6. Let h = 19 + -19. Suppose -10*c + 5*c + 50 = h. What are the prime factors of v(c)?
2, 53
Suppose 7*l - 543392 = -44*l + 384043. What are the prime factors of l?
5, 3637
Let q(z) = 5*z**3 - 2*z**2 + z. Let r be q(1). Suppose 3*c = 5*m + 578, -5*c + 545 + 406 = r*m. What are the prime factors of c?
191
Suppose 0 = 3*d - 5*c + 61, -2*d - 15 = -2*c + 19. What are the prime factors of (-6 - -16)*(0 - d)?
2, 3, 5
What are the prime factors of (-1579)/2*6*6/(-2) - 2?
13, 1093
Suppose -b - 1 = 0, 0 = -2*g + 7*g + 4*b - 138851. What are the prime factors of g?
3, 9257
Let m = 6460 + 8692. List the prime factors of m.
2, 947
Let u be -7*(0 + (-32)/56). Suppose 39*f = 42*f + 4*c - 287, -391 = -u*f + 3*c. What are the prime factors of f?
97
Let p(s) = 48*s**2 - 12*s - 71. What are the prime factors of p(-12)?
5, 11, 127
Suppose 0 = -2*g - 4*g + 126. List the prime factors of 2/g + 44086/147.
2, 3, 5
Let y = 30237 + -19401. List the prime factors of y.
2, 3, 7, 43
Suppose -30 = -11*c + 16*c. What are the prime factors of 2 + (-2310)/c - 5*1?
2, 191
Let j(l) = 575*l**2 + 73*l + 271. What are the prime factors of j(-4)?
67, 137
Suppose 10*h + 10 = 5*h, -2*m + 2*h = -40. Let t(b) = 5*b**2 - 26*b - 36. List the prime factors of t(m).
2, 3, 31
Let z(a) = 673*a + 1022. List the prime factors of z(11).
5, 337
Let w(l) = l - 67 + l - l + 3*l. Let s be w(18). What are the prime factors of (5 - (s + -274)) + 2?
2, 3, 23
List the prime factors of ((-410)/615)/(2/(-13365)).
3, 5, 11
Let p = 2467 - -3184. Suppose 5*v = 1044 + p. List the prime factors of v.
13, 103
Let t = 1830 - 272. Suppose 17*s + 2*s - t = 0. List the prime factors of s.
2, 41
Let i(s) = -s**3 + 26*s**2 + 68*s + 86. List the prime factors of i(25).
2411
Let d = 66 - 108. What are the prime factors of 12/42 - 1752/d?
2, 3, 7
Let p(g) = -11*g**2 + 6*g - 9. Let c be p(3). Let r be 15/c + (-61)/(-6). List the prime factors of (-3 + r)/(2/52).
2, 7, 13
Let x = 150 - 145. Suppose 0 = -5*v - 15, 0 = -x*d + 3*v - 8*v + 2840. What are the prime factors of d?
571
Let t(u) = -u**3 + 7*u**2 + 8*u - 10. Suppose -3*s - 19 = -o, -o - 2*o - 34 = 4*s. Let h(w) = w + 13. Let l be h(s). What are the prime factors of t(l)?
2, 37
Let c(q) = -21*q + 51. Let x be c(7). Let o = 166 + x. List the prime factors of o.
2, 5, 7
Suppose 66*u + 390 = 67*u. Suppose 0 = -399*v + u*v + 3195. List the prime factors of v.
5, 71
Let o(j) = -j**2 - 61*j - 644. What are the prime factors of o(-39)?
2, 107
Suppose 0 = 14*h + 5*h - 12*h - 27426. List the prime factors of h.
2, 3, 653
Let b = -18395 - -25987. List the prime factors of b.
2, 13, 73
Let v be 923/6 - 3/(-13 + -5). Suppose 2*j - 288 = -3*y, -4*y = -6*j + 7*j - v. What are the prime factors of j?
2, 3, 23
Suppose -43*b = 5033 - 1053545. What are the prime factors of b?
2, 3, 127
List the prime factors of (15/60)/(1/27084).
3, 37, 61
Suppose -21*p = -13*p - 24. Suppose 2 + p = -g, 4*g - 3308 = -4*n. What are the prime factors of n?
2, 13
Suppose 2*o - u = 110426, -260*o + 264*o - u = 220852. List the prime factors of o.
55213
Suppose -25*v = -178781 - 59194. List the prime factors of v.
3, 19, 167
What are the prime factors of 136 + 78/(4 + -10)?
3, 41
Suppose t + 0*j = 3*j + 15, -5*j = -t + 23. Suppose 2*d - t*q + 14 = -7*q, -5*d + 25 = -5*q. What are the prime factors of (11 + d)*((-57)/(-2))/3?
2, 3, 19
List the prime factors of (-7 + (-1428)/24)*-152.
2, 7, 19
Suppose -4*m - 2*v + 38 = 0, 21*m + 46 = 24*m - 2*v. Suppose 7348 = -x + m*x. What are the prime factors of x?
2, 167
Let w(s) be the first derivative of -71*s**2 - 31*s - 51. What are the prime factors of w(-5)?
7, 97
Let k(w) = w**2. Let l(y) = -y**2 - 3*y - 4. Let f(u) = 2*k(u) + l(u). Let h be f(6). Let t = h + 6. List the prime factors of t.
2, 5
Let n(b) = b**2 - 4*b - 10. Let u be n(6). Suppose 1 = -3*o + f, 2*f - u = -2*o - 0. Suppose 2*v + 5*v - 399 = o. List the prime factors of v.
3, 19
Suppose 5*p + 40 = 0, -1717*p + 131220 = 2*v - 1720*p. What are the prime factors of v?
2, 3, 13, 29
Let d be 252/(-27)*21/(-2). Let y = 275 + d. List the prime factors of y.
373
What are the prime factors of 68646*((-120)/48 + 3)?
3, 17, 673
Let j be (-6)/(0 + 6/(-4)). Suppose -g = j - 8. Suppose g*u - 5*t - 175 = -0*t, -3*u - 3*t + 111 = 0. List the prime factors of u.
2, 5
Suppose 3*x - 11 = 2*h, -15*x = -h - 17*x + 12. Suppose 4*p + 367 = j - 159, -h*j = p - 1016. What are the prime factors of j?
2, 3, 5, 17
Let g(a) = 1645*a + 13382. List the prime factors of g(10).
2, 3, 11, 113
Let u(c) = c**2. Let d(q) = 12*q**2 - 84*q + 23. Let y(j) = d(j) - 3*u(j). List the prime factors of y(17).
2, 13, 23
Let c = 22602 + -9167. What are the prime factors of c?
5, 2687
Suppose -2*n + 160185 = 3*u + 43661, -2*u - 174838 = -3*n. List the prime factors of n.
2, 29137
Let o(i) = 125*i + 149. Suppose 89*s = 86*s + 24. What are the prime factors of o(s)?
3, 383
What are the prime factors of ((-11)/(11/5))/(50/(-238120))?
2, 5953
What are the prime factors of ((-119920)/140)/(12/(-336))?
2, 1499
Let s(d) = -4*d - 93. Let f(r) = 2*r + 47. Let j(q) = 13*f(q) + 6*s(q). Let a(o) = o**3 + 4*o**2 - 14*o - 12. Let p be a(-6). List the prime factors of j(p).
53
Let b = -431 - -769. Suppose 678 = 8*c - b. What are the prime factors of c?
127
Suppose 23 = -3*w + 2. Let d(u) = -u**3 - u**2 + 15*u + 4. What are the prime factors of d(w)?
193
Let y be (6 + (8 - 15))/((-1)/7). Let k(n) = 6*n + 70. What are the prime factors of k(y)?
2, 7
Let r(b) = b - 11. Let w be r(9). Let h be w/(6/(-18) + 46/120). Let k = h + 137. What are the prime factors of k?
97
What are the prime factors of 4 + 68/(-18) - 1536135/(-135)?
3, 3793
Let f(a) = -a**2 + 51*a + 59. Let i = -321 + 360. What are the prime factors of f(i)?
17, 31
Suppose -18 = -2*w - 0*w. Suppose w*d + 3*d = 1092. List the prime factors of (0/(-4) - 4) + d.
3, 29
Suppose -8 = -2*y - 2*y. Let t be 57/5 - (-30)/50. List the prime factors of -3 - (-2 - (y*t + -1)).
2, 11
Suppose -2*p - 111882 = -